452, 21 = b - d*o - 82. Let k = 129 - b. Calculate the highest common factor of k and 76.
38
Let a = 142 - 162. Let o be (-20)/4*(-16)/a + 62. Suppose -2*l - 261 = -2*r - r, 5*r - 5*l - 435 = 0. Calculate the greatest common divisor of o and r.
29
Let r = 9837 - 6350. What is the highest common factor of 11 and r?
11
Suppose 0*v - 144 = -3*v. Suppose 3*m - 11 = 3*t + 7, 36 = -5*t - m. Let n(j) = j**2 - 3*j - 38. Let f be n(t). Calculate the highest common divisor of f and v.
16
Let c(d) = 3 - d**2 + 7*d + 2 + 0. Suppose -5*l + 30 = 3*x + 20, l = x - 6. Let f be c(x). What is the greatest common factor of 6 and f?
3
Let u be (-5 + 1 - (-4 - -1)) + 10. Suppose 55 = u*m - 44. Calculate the highest common factor of 99 and m.
11
Let q be 15 + -2*3/6. Suppose 37*f - 546 = 231. Calculate the highest common divisor of q and f.
7
Let a be (9 - 3)/(3/292). Suppose 0 = -4*l + 32 + a. Let k be 1140/50 - (4/25)/(3/15). What is the greatest common factor of k and l?
22
Let v(u) = 2*u**3 + 9*u**2 + 2*u - 5. Let n be v(-4). Suppose n*c - 7*c = -4, 4*k - 4*c - 136 = 0. What is the greatest common factor of k and 315?
35
Let n = -10041 + 49852. Calculate the greatest common factor of n and 41.
41
Let w(o) = -o**3 + 12*o + 23. Let g be w(-5). Calculate the greatest common divisor of 5038 and g.
22
Let x be 207 - 14/(-28)*-10. Calculate the greatest common factor of x and 4.
2
Suppose -12*a + 24 = -36. Let o be (-8*2)/(a/(-95)). What is the greatest common factor of 38 and o?
38
Let m(s) = 2*s - 30. Suppose 5*t = -2*o - 0*t + 31, -4*o = 4*t - 68. Let z be m(o). Suppose 2*d + 800 = z*d. What is the greatest common divisor of d and 25?
25
Let m = -54 - -11. Let b = -25 - m. Let g = b + -3. Calculate the greatest common divisor of 135 and g.
15
Let r(j) = 6*j + 4. Let n be r(4). Suppose -4*f = 3*v - 150, 0 = -218*v + 214*v + f + 162. What is the greatest common factor of v and n?
14
Let d = 1764 - 1699. Calculate the highest common divisor of 145 and d.
5
Let l be -76*(0 - -2 - 7). What is the highest common factor of 80 and l?
20
Let t(j) = 61*j**2 - 9*j + 4. Let y(m) = -62*m**2 + 7*m - 3. Let p(i) = 3*t(i) + 2*y(i). Let f be p(-3). Calculate the greatest common divisor of 9 and f.
9
Suppose 8*j + 48 - 152 = 0. Let x(n) = n**3 + 4*n**2 + n - 2. Let a be x(-2). Calculate the greatest common divisor of a and j.
1
Let b be -5 + (-3800)/(-32) + 1/4. Let d = -109 + b. Calculate the greatest common factor of 20 and d.
5
Let w be (-12)/(-15)*25*5/50. Suppose -3*b + 159 = -w*h + 55, -h - 100 = -3*b. What is the greatest common divisor of 144 and b?
16
Let t(o) = o**3 - 66*o**2 - 68*o + 276. Let y be t(67). Calculate the greatest common factor of 286 and y.
11
Let x be (-2)/4 + 417/2. Suppose -5*y - 2*k - 7 = 3, -y - 4*k = 2. Let i be (-69)/(-2 + -1) - (-1 + y). What is the highest common factor of i and x?
26
Suppose -30 = -3*r - 3*n, 5*n - 57 = 4*r - 133. Calculate the greatest common divisor of r and 3262.
14
Suppose 60 = o + 3*r, 15*o + 320 = 20*o - 5*r. Suppose -2*w = -5*w - 312. Let q = w - -146. Calculate the highest common divisor of q and o.
21
Suppose 2*n - 50 = 2*g, n - 7 - 21 = 4*g. Let z = -23060 + 23264. Calculate the highest common factor of z and n.
12
Let m(z) = -z**2 + 24*z - 61. Let f be m(21). Suppose c - 15 = 9*v - 11*v, -3*v + f*c + 12 = 0. Calculate the highest common factor of v and 30.
6
Suppose j - 2471 = -325. Let i be ((-6)/(-4))/(37/j). What is the greatest common factor of 116 and i?
29
Let d be (-30)/(-14 + 3 + 36/4). Calculate the highest common divisor of 1029 and d.
3
Suppose -10*v + 12 = 42. Let b(m) = -48*m - 45. Let q be b(v). Suppose -4*o = o - 55. Calculate the highest common divisor of q and o.
11
Let y(w) = -w**3 - 12*w**2 + 15*w + 54. Let x be y(-13). Calculate the greatest common factor of 175 and x.
7
Suppose -35 = 3*k - 4*k. Let i = -1195 - -1210. Calculate the highest common factor of i and k.
5
Let x(l) = 22*l**2 + 9*l + 22 + 19*l**2 + 14*l**2 - 54*l**2. Let s be x(-8). What is the greatest common factor of 224 and s?
14
Suppose -11*y + 13312 + 4706 = 0. Suppose -5*l = 8*l - y. What is the greatest common factor of l and 84?
42
Let i be ((-510)/(-5))/((-9)/(-111)). Calculate the highest common factor of i and 34.
34
Suppose 6*w = -231*w + 63990. Calculate the highest common factor of 1836 and w.
54
Suppose 0 = -5*i + 34 + 6. Let v(p) = -p - 11. Let k be v(-13). Suppose -g = -k*g + 2, 2*j = -4*g + 120. Calculate the greatest common factor of i and j.
8
Suppose 4*v + 8 = 0, -126*n + 116*n = 5*v - 90. Calculate the highest common divisor of n and 1255.
5
Suppose 6*w - 4*w + 5*h = -202, 4*w - 3*h = -404. Let g = 349 + w. Calculate the highest common factor of g and 93.
31
Suppose -94862*l - 15510 = -94873*l. Calculate the highest common factor of l and 8178.
282
Suppose 1602641 + 3263116 = 72*c - 208803. What is the greatest common factor of c and 80?
80
Suppose 0 = -21*g + 10*g - 3212. Let b = -131 - g. What is the highest common factor of b and 7?
7
Suppose -29*p + 16872 = -1978. Calculate the greatest common divisor of p and 1040.
130
Suppose -10*h = 32 + 18. Let a be 33/h*(0 - (-50)/(-15)). Calculate the highest common factor of a and 506.
22
Let h be 2/(-10) - (-328)/40. Suppose h*o - 14*o + 1248 = 0. What is the greatest common factor of o and 26?
26
Let h(x) = 8*x**2 - 9*x - 9. Let p be h(-6). Let g = -19 - -110. Let q = g + -54. Calculate the highest common divisor of q and p.
37
Let k(f) = -2*f - 30. Let j be k(-15). Let g be -15 + j/1 + 3. Let p be (-542)/g - 17/102. What is the greatest common divisor of 60 and p?
15
Suppose -33*p = -8*p + 73338 - 206163. What is the greatest common divisor of p and 161?
161
Let n be 31/((-124)/(-960)) - 0. Calculate the greatest common factor of 1280 and n.
80
Suppose 0 = 5*a - 10 + 225. Let z = 46 + a. Suppose 0 = z*d - 36 - 9. Calculate the greatest common divisor of d and 120.
15
Let j(n) = -83*n + 109. Let t be j(1). Calculate the greatest common factor of 1872 and t.
26
Let n(z) = 0 + 17*z - 3 - 1 + 4*z**2. Let k(x) = -x**3 + 21*x**2 + 10*x - 206. Let s be k(21). Let j be n(s). What is the greatest common factor of j and 16?
16
Let l = 1370 + -2534. Let s = -651 - l. What is the highest common divisor of s and 27?
27
Let u(v) = v**2 - 23*v + 110. Let i be u(5). Suppose 4*j - 2*q - 144 = 2*j, 5*j = 4*q + 358. Calculate the greatest common factor of j and i.
10
Suppose 59*q = -4*s + 64*q + 265, -5*s + 315 = -3*q. Calculate the greatest common factor of 45 and s.
15
Suppose 2*x + 1298 = n - 101, 3*x = -n + 1359. Calculate the greatest common divisor of n and 9.
3
Let t(p) = -9*p + 572. Let b be t(62). What is the highest common divisor of b and 21?
7
Let l(q) = -q**3 - 7*q**2 + 47*q - 267. Let p be l(-13). Calculate the greatest common factor of p and 2788.
68
Let c = -85 - -87. Suppose -c*z = -0*z - 26. Suppose -2*y = -y - 52. Calculate the highest common factor of z and y.
13
Let d be 1 - (-74 + 1 + -2). Let p = -85429 - -85467. Calculate the highest common factor of d and p.
38
Suppose 47*w = 15*w - 640. Let a be ((-20)/25 - 2)*w. Let m(u) = -2*u**3 - 3*u**2 + 5*u + 2. Let r be m(-3). What is the highest common factor of a and r?
14
Let p = 2309 + -2268. What is the greatest common factor of p and 779?
41
Let x(b) = 6*b**2 - 49*b + 161. Let o be x(5). Calculate the greatest common divisor of o and 1364.
22
Let l be 341 - (-3 + (8 - 9)). Suppose 50 = 5*i - l. What is the highest common factor of i and 158?
79
Let x be -37 - 3 - 7/((-14)/4). Let p = x + 40. Calculate the greatest common factor of p and 9.
1
Let y(t) = t**3 + 28*t**2 + 190*t - 71. Let j be y(-15). Let h = -95 - -159. What is the greatest common factor of h and j?
4
Let r(m) = m**3 - 4*m**2 - 4*m - 23. Let x be r(6). Suppose -4*h + 0 = -12. Suppose -h*v + 1344 = 519. Calculate the greatest common divisor of x and v.
25
Let v(a) = 2*a - 51. Let y be v(26). Let j be 198/16 - 45/120 - y. Calculate the highest common divisor of j and 11.
11
Let w = 1160 - 299. What is the greatest common factor of 378 and w?
21
Let o(j) = j**3 - 8*j**2 - j + 19. Suppose -3*r = 4*q + q - 14, -3*r = -3*q - 30. Let s be o(r). Calculate the highest common divisor of s and 187.
11
Let o = -17239 + 24799. Calculate the highest common factor